. Suppose 2*z - 1 = p. Let f be u(z). Let m(y) = -y + 5. Calculate m(f).
-1
Let c be (-51)/(-68)*4*1. Let r(o) = -o**2 + 9*o + 6. Let j(y) = -y - 1. Let k(q) = 5*j(q) + r(q). What is k(c)?
4
Let c(z) = -238*z - 6*z**2 - 1 + 3*z**2 + 125*z + 116*z + z**3. Calculate c(3).
8
Let t = -119 + 126. Let k(i) = 9*i - t*i - i + i. Determine k(-3).
-6
Let a(y) = y**3 - 4*y**2 + 4*y - 4. Let c = -105 + 69. Let d(r) = 11*r + 5. Let h be d(-4). Let u = c - h. Calculate a(u).
-1
Let m(p) be the third derivative of -p**6/120 + p**5/6 - 3*p**4/8 - p**3/6 + 129*p**2. Give m(9).
-1
Let v(l) = 4*l. Let u be v(0). Let g(n) be the second derivative of n**2 - 5*n + u - 1/2*n**3. What is g(2)?
-4
Let w(a) = a. Let r(i) = 3. Let g(k) = 8. Let b(d) = 4*g(d) - 11*r(d). Let j(z) = -3*b(z) - w(z). Let c be 1/(-3)*(5 + -17). Determine j(c).
-1
Suppose 1011*x = 1008*x - 12. Let y(b) = b**2 - 4*b - 5. Determine y(x).
27
Suppose 3*g + 7 = 22. Let w(n) = -5*n**3 + 2*n**2 - 2*n - 4. Let k be w(-2). Let q(i) = -99*i + i**2 + k*i + 46*i + 2 - 3. Determine q(g).
-1
Let r(q) = -41*q - 5*q**3 - q**2 + 2*q**3 + 43*q + 1 + 2*q**3. Suppose 3*b - 14 = -5*h - 22, -2*b = 3*h + 5. What is r(h)?
-1
Let t = 8 + -3. Let i be (81/15 + -1)/(2/t). Let u(r) = -r**3 + 12*r**2 - 12*r + 13. Give u(i).
2
Let o(d) = -d**2 + 9*d - 9. Suppose 0 = -2*g + 8, -4*g + 0 = -4*f - 8. Suppose -6 = -f*s - 2*a, -2*s - 3*s + 55 = -5*a. What is o(s)?
5
Let p(k) = -k**2 + 5*k - 2. Suppose 0 = -4*m + 20 + 24. Let j be -15 + m + (-1 - -15). Suppose 2*n - j + 2 = 0. Give p(n).
2
Let l = -8 - -4. Let f be 30/l*(-6)/(-5). Let m be (-43)/f - 4/(-18). Let p(h) = h - 3. What is p(m)?
2
Let r(m) = -2*m**2 + 29*m + 2. Let p be r(11). Suppose 7*a + 44 = p. Let b(x) = x**3 - 6*x**2 + 3*x. Give b(a).
-10
Let q(m) = -m**2 - 12*m - 11. Let n be q(-11). Suppose n = -w + 4*w. Suppose w = 2*j + 4*i - 6, 5*i = -2*j + 3*j + 18. Let o(b) = -3*b - 3. Determine o(j).
6
Let k(b) be the second derivative of b**5/20 + b**4/2 - b**3/3 + b**2 - b. Suppose 21*v + 132 = 6*v - 7*v. Give k(v).
14
Suppose b - 101 = 3*l - 8, 2*l = 2*b - 186. Let r = b - 86. Let a(h) = 2*h - 10. Give a(r).
4
Let o(t) be the third derivative of -13*t**4/8 + 545*t**2. What is o(-1)?
39
Let j(l) be the third derivative of -1/4*l**4 - 1/2*l**3 + 0*l - 1/60*l**5 + 17*l**2 + 0. Determine j(-6).
-3
Let w(m) be the third derivative of 0*m + 1/8*m**4 - 10*m**2 + 0 - 1/6*m**3. What is w(3)?
8
Let n(l) = 4*l**2 - 2*l. Let s be n(2). Let m = s + -11. Let i(v) = -19*v**3 + v. Calculate i(m).
-18
Suppose k - x - 9 = -1, -4*k + x = -29. Let c(o) = -o + 6. Calculate c(k).
-1
Let f(a) = a**3 + a**2 - 3*a + 3. Suppose -180 = 66*g - 6*g. Calculate f(g).
-6
Let s(a) = -a**2 - 3*a + 13. Let r be s(-6). Let b(f) = -f**3 - 5*f**2 + 7. Give b(r).
7
Let p(o) be the second derivative of -o**5/20 - o**4/3 + o**3/2 - 7*o**2/2 - o + 3. Determine p(-5).
3
Let i = 5 - 4. Let a(d) = 1 - 3 + 6*d**2 + 2*d + 3 - 2. Give a(i).
7
Let f(q) = q + 4. Let p = 614 - 617. Determine f(p).
1
Let v(l) = 3*l**2 + l - 4. Let c = 132 + -135. Determine v(c).
20
Let k = -114 + 66. Let w = k + 50. Let i(a) be the second derivative of a**4/4 - a**3/6 + a. Calculate i(w).
10
Suppose -10*k = 289 - 319. Let d(u) be the first derivative of 1/3*u**3 - 1/2*u**2 - 4 - k*u. Determine d(-3).
9
Let l(p) = -2*p - 3. Let a(n) = -6*n - 8. Let j(v) = 2*a(v) - 5*l(v). What is j(0)?
-1
Suppose -2*w = 3*w - 30. Let q(s) = 7*s**3 + 10*s**2 + 6*s + 17. Let i(h) = -9*h**3 - 11*h**2 - 8*h - 19. Let z(u) = 4*i(u) + 5*q(u). What is z(w)?
-3
Suppose 2*c - 2 = 2. Let h(z) = 12*z**2 + 3*z + z + 3 - 11*z**2. Let t(v) = -v**2 - 5*v - 4. Let q(b) = 6*h(b) + 5*t(b). Determine q(c).
0
Let x be -2*(-1)/2*3. Let j(f) be the first derivative of f**5/60 - f**4/12 - f**3/2 + 6*f**2 + 18. Let w(c) be the second derivative of j(c). What is w(x)?
0
Let a(x) = -2*x**3 + 3*x**2 - 3*x - 1. Let v(o) = -3*o**3 + 5*o**2 - 5*o - 2. Suppose -2*t = -3*t + 3. Let d(h) = t*v(h) - 5*a(h). What is d(0)?
-1
Let y be 15/3 + 24/6*-2. Let s(r) = -r**2 - 5*r - 2. What is s(y)?
4
Let z = -4 - -3. Let w(i) = -2*i**3 + i**2 - i - 1. Calculate w(z).
3
Let p(j) = j**2 + 2*j - 7. Let u(q) = 2*q + 13. Let z be u(-16). Let m = z + 14. Calculate p(m).
8
Let o be 5/(-2)*(-12)/30. Suppose -4*r - 5*f + 15 = 5, 0 = -r + 2*f + 9. Let z(s) = 2*s - 5. Let c(q) = -3*q + 8. Let x(d) = r*c(d) + 8*z(d). Determine x(o).
1
Let g = 13 - 13. Suppose t = 4*i - 18, -2*t = -4*i + 20 - g. Let x(w) be the third derivative of w**4/6 - 2*w**3/3 - w**2. Determine x(i).
12
Suppose 3*u = 0, -2*s - 4*u = -0*s - 118. Let q = -59 + s. Let g(d) = -d**3 + d**2 + 2. What is g(q)?
2
Let r(n) = 3*n**2 - n - 9. Let k(t) = -13*t**2 + 5*t + 38. Let c(h) = -2*k(h) - 9*r(h). Determine c(2).
-1
Let o(t) = t**2 + t - 24. Let y be o(-5). Let a(r) = -r**3 - 4*r**2 + 2*r + 5. Give a(y).
-3
Let g(n) = -28*n - 13. Let t(d) = 67*d + 26. Let b(f) = 5*g(f) + 2*t(f). What is b(0)?
-13
Let m(o) = -3*o - 2*o - 16 + 14. Let f be m(2). Let b be f/4*(-5)/3. Let h(n) = -n**2 + 5*n + 6. Calculate h(b).
6
Let p = 221 - 132. Let o = p + -92. Let x(q) = -q**3 - 3*q**2 + 3*q + 4. Determine x(o).
-5
Let y(w) = 10*w**2 - w - 5 + 4*w + 0*w - w + 2*w**3 - 3*w**3. Determine y(10).
15
Let q(u) = -u**2 + u - 5. Let f be (-58)/(-14) + 1 + 16/(-14). Determine q(f).
-17
Let a(t) be the first derivative of -t**6/120 - 2*t**5/15 - 7*t**4/24 + 3*t**3/2 + 5*t**2/2 + 2. Let i(y) be the second derivative of a(y). Determine i(-7).
9
Let k(u) = u**2 + 2*u - 2. Let d(r) = 1. Let c(s) = 2*d(s) - k(s). Let z be (2 + 1)/3 - -11. Suppose 0 = 2*t - 5*l + 28 + 3, -3*l = t - z. Determine c(t).
1
Suppose 4*z + 13*c = 12*c + 4, -2*z - 2*c = -8. Let s(k) be the third derivative of -5*k**2 - 1/3*k**3 + 0*k + z - 1/12*k**4. Calculate s(2).
-6
Let u(l) be the third derivative of -l**5/120 + l**4/24 - l**3/3 + 5*l**2. Let n(w) be the first derivative of u(w). Let g = 37 - 32. What is n(g)?
-4
Let c(h) be the third derivative of -2*h**2 + 0*h + 7/60*h**5 - 1/24*h**4 + 1/6*h**3 + 0. What is c(1)?
7
Let k(o) = o**2 + o. Suppose 10*h - 12 = 14*h. Let y(p) = -2*p**2 - 3*p - 2. Let a(d) = h*k(d) - y(d). What is a(2)?
-2
Let f(p) = p + 2. Let y(n) = -n + 12. Let v be y(9). Suppose 6*z = v*z - 24. Give f(z).
-6
Let n = -102 + 95. Let b(l) = l**2 + 5*l - 2. What is b(n)?
12
Let j(w) = 10*w**2 - 6*w - 2. Let k(q) = -18*q**2 + 10*q + 3. Let s(o) = 5*j(o) + 3*k(o). What is s(1)?
-5
Let c(r) = -3*r - 6. Let w(f) = -6*f + 126. Let b be w(22). What is c(b)?
12
Let m be (-1)/(-5) - 1836/255. Let p(w) = -4*w + 4. Determine p(m).
32
Let o(l) = 14 + 3*l**2 - 5 + 2*l + 0*l - 5. What is o(-4)?
44
Let s(y) be the first derivative of y**4 + y**3/3 + y**2/2 - y + 1. Let v(r) = r**2 - 2*r + 4. Let i be v(0). Suppose i = -28*b + 32*b. What is s(b)?
5
Let v(m) = 20*m**2 + m - 38*m**2 + 21*m**2. Determine v(-1).
2
Let x(l) = 6 - 7*l + 23*l - 5*l - 7*l - 10*l. Determine x(-6).
42
Let n be 2/4 - (-1)/2. Let m = -20 + 130. Let i(j) = 2*j + 111*j**2 - m*j**2 - 3*j. Calculate i(n).
0
Let l(s) be the second derivative of -s**4/12 - 3*s. Let f be (-66)/27 - (-12)/27. Determine l(f).
-4
Let v = -94 + 106. Let l(r) = 29*r**3 + 2 - 18*r**3 - v*r**3 - 2*r - 6*r**2. Suppose -3*s + 3*f - 14 = 2*f, 3*s + f + 16 = 0. Calculate l(s).
-13
Let g(m) = 3*m**2 - 3*m + 4. Suppose -6*f = 18 - 42. Let c(o) = 8*o**2 - 9*o + 13. Let p(a) = f*c(a) - 11*g(a). Give p(-6).
-10
Let b(i) = -i**2 + 3*i - 4. Let c = 1355 + -1352. Give b(c).
-4
Let a(v) = -14 + 5*v - 8*v + 1 - 7*v + v**2. Let b = -18 + 29. Calculate a(b).
-2
Let d(o) = 20*o - 3 - 9*o - 4*o - 3 - 10*o. Suppose -y - 2*w - 4 = -2*y, -4*y + 3*w = 4. What is d(y)?
6
Let j(p) = -7*p. Let v be 3/(12*3/12). Determine j(v).
-7
Let k(d) = -d**2 + 6*d + 6. Suppose -3*g = -9, 0 = -3*a + 7*a - 3*g + 9. Suppose 9*q + 39 - 102 = a. Calculate k(q).
-1
Let k(v) = 7*v + 3. Let r(m) = 15*m + 7. Let a(i) = -9*k(i) + 4*r(i). Suppose 16 = 4*w, -5*j - 28 = 5*w - 63. What is a(j)?
-8
Let c(h) = h**2 - 6*h - 5. Let b = 1 + 5. Suppose 3*j + b = 5*j. Suppose 0*a + j*a = 18. Give c(a).
-5
Let t(h) be the third derivative of 19*h**5/60 + h**4/12 + h**3/6 - 2*h**2. Calculate t(-1).
18
Let m(d) = -10*d**2 - 4*d - 8 + 4*d**2 + 7*d**2 - 3*d. Determine m(6).
-14
Let w(h) = h**3 - 6*h**2 + 2*h - 7. 